{"id":784,"date":"2023-09-16T15:27:27","date_gmt":"2023-09-16T13:27:27","guid":{"rendered":"https:\/\/keilatex.de\/highlandgames\/?page_id=784"},"modified":"2023-09-16T15:27:28","modified_gmt":"2023-09-16T13:27:28","slug":"tug-o-war","status":"publish","type":"page","link":"https:\/\/keilatex.de\/highlandgames\/tug-o-war\/","title":{"rendered":"Tug-o-war"},"content":{"rendered":"\n<figure class=\"wp-block-table is-style-stripes\"><table><tbody><tr><td>Das traditionelle Tauziehen (Tug-o-war) ist nicht nur f\u00fcr die K\u00e4mpfer ein H\u00f6hepunkt bei den Highlandgames. Auch f\u00fcr die Zuschauer, die zumeist lautstark anfeuern, ist diese Disziplin ohne gr\u00f6\u00dfere Erkl\u00e4rung schnell zu verstehen.<br><br>Es treten jeweils zwei Mannschaften im KO System gegeneinander an, wo bei die Regel hei\u00dft \u201eBest of three\u201c, wobei die Seiten nach jedem Kampf gewechselt werden.<br><br>Die Teams ziehen an den gegen- \u00fcberliegenden Enden eines Seils, mit dem Ziel, das Seil in einem eine bestimmte Entfernung zu bringen Richtung gegen die Zugkraft des gegnerischen Teams.<br><br>Tauziehen war im \u00fcbrigen von 1900 bis 1920 Teil der Olympischen Spiele.<\/td><td><img loading=\"lazy\" decoding=\"async\" width=\"800\" height=\"828\" class=\"wp-image-785\" style=\"width: 800px;\" src=\"https:\/\/keilatex.de\/highlandgames\/wp-content\/uploads\/2023\/09\/Taxi_Knorrek-1.jpg\" alt=\"\" srcset=\"https:\/\/keilatex.de\/highlandgames\/wp-content\/uploads\/2023\/09\/Taxi_Knorrek-1.jpg 2412w, https:\/\/keilatex.de\/highlandgames\/wp-content\/uploads\/2023\/09\/Taxi_Knorrek-1-290x300.jpg 290w, https:\/\/keilatex.de\/highlandgames\/wp-content\/uploads\/2023\/09\/Taxi_Knorrek-1-990x1024.jpg 990w, https:\/\/keilatex.de\/highlandgames\/wp-content\/uploads\/2023\/09\/Taxi_Knorrek-1-768x795.jpg 768w, https:\/\/keilatex.de\/highlandgames\/wp-content\/uploads\/2023\/09\/Taxi_Knorrek-1-1484x1536.jpg 1484w, https:\/\/keilatex.de\/highlandgames\/wp-content\/uploads\/2023\/09\/Taxi_Knorrek-1-1979x2048.jpg 1979w\" sizes=\"auto, (max-width: 800px) 100vw, 800px\" \/><\/td><\/tr><\/tbody><\/table><\/figure>\n","protected":false},"excerpt":{"rendered":"<p>Das traditionelle Tauziehen (Tug-o-war) ist nicht nur f\u00fcr die K\u00e4mpfer ein H\u00f6hepunkt bei den Highlandgames. Auch f\u00fcr die Zuschauer, die zumeist lautstark anfeuern, ist diese Disziplin ohne gr\u00f6\u00dfere Erkl\u00e4rung schnell zu verstehen. Es treten jeweils zwei Mannschaften im KO System gegeneinander an, wo bei die Regel hei\u00dft \u201eBest of three\u201c, wobei die Seiten nach jedem [&hellip;]<\/p>\n","protected":false},"author":1,"featured_media":0,"parent":0,"menu_order":0,"comment_status":"closed","ping_status":"closed","template":"","meta":{"footnotes":""},"class_list":["post-784","page","type-page","status-publish","hentry"],"_links":{"self":[{"href":"https:\/\/keilatex.de\/highlandgames\/wp-json\/wp\/v2\/pages\/784","targetHints":{"allow":["GET"]}}],"collection":[{"href":"https:\/\/keilatex.de\/highlandgames\/wp-json\/wp\/v2\/pages"}],"about":[{"href":"https:\/\/keilatex.de\/highlandgames\/wp-json\/wp\/v2\/types\/page"}],"author":[{"embeddable":true,"href":"https:\/\/keilatex.de\/highlandgames\/wp-json\/wp\/v2\/users\/1"}],"replies":[{"embeddable":true,"href":"https:\/\/keilatex.de\/highlandgames\/wp-json\/wp\/v2\/comments?post=784"}],"version-history":[{"count":1,"href":"https:\/\/keilatex.de\/highlandgames\/wp-json\/wp\/v2\/pages\/784\/revisions"}],"predecessor-version":[{"id":786,"href":"https:\/\/keilatex.de\/highlandgames\/wp-json\/wp\/v2\/pages\/784\/revisions\/786"}],"wp:attachment":[{"href":"https:\/\/keilatex.de\/highlandgames\/wp-json\/wp\/v2\/media?parent=784"}],"curies":[{"name":"wp","href":"https:\/\/api.w.org\/{rel}","templated":true}]}}