{"id":750,"date":"2023-09-16T14:54:10","date_gmt":"2023-09-16T12:54:10","guid":{"rendered":"https:\/\/keilatex.de\/highlandgames\/?page_id=750"},"modified":"2023-09-16T15:19:54","modified_gmt":"2023-09-16T13:19:54","slug":"putting-the-stone","status":"publish","type":"page","link":"https:\/\/keilatex.de\/highlandgames\/putting-the-stone\/","title":{"rendered":"Putting the Stone"},"content":{"rendered":"\n<figure class=\"wp-block-table is-style-stripes\"><table><tbody><tr><td>Das Stone Put ist eines der wichtigsten schottischen Schwerathletik-Events innerhalb moderner Highland-Games-Austragungen.<br>W\u00e4hrend beim Kugelsto\u00dfen eine Stahlkugel verwendet wird, ist beim Steinsto\u00dfen h\u00e4ufiger ein gew\u00f6hnlicher Stein oder ein kleiner Felsen anstelle einer Stahlkugel das zu werfende Gewicht.<br><br>Bei dieser Disziplin wird mit einem Gewicht von 7,5 bis 10 Kilogramm entweder aus dem Stand, mit Anlauf, oder einer Drehung weit geworfen. Der weiteste von drei Versuchen wird gez\u00e4hlt.<br><br>Auf dem Boden werden entsprechend Markierungen zur Punktanzahl eingezeichnet.<\/td><td><img loading=\"lazy\" decoding=\"async\" width=\"600\" height=\"821\" class=\"wp-image-751\" style=\"width: 600px;\" src=\"https:\/\/keilatex.de\/highlandgames\/wp-content\/uploads\/2023\/09\/Screenshot_20230416_161940_Canva.jpg\" alt=\"\" srcset=\"https:\/\/keilatex.de\/highlandgames\/wp-content\/uploads\/2023\/09\/Screenshot_20230416_161940_Canva.jpg 1009w, https:\/\/keilatex.de\/highlandgames\/wp-content\/uploads\/2023\/09\/Screenshot_20230416_161940_Canva-219x300.jpg 219w, https:\/\/keilatex.de\/highlandgames\/wp-content\/uploads\/2023\/09\/Screenshot_20230416_161940_Canva-749x1024.jpg 749w, https:\/\/keilatex.de\/highlandgames\/wp-content\/uploads\/2023\/09\/Screenshot_20230416_161940_Canva-768x1050.jpg 768w\" sizes=\"auto, (max-width: 600px) 100vw, 600px\" \/><\/td><\/tr><\/tbody><\/table><\/figure>\n","protected":false},"excerpt":{"rendered":"<p>Das Stone Put ist eines der wichtigsten schottischen Schwerathletik-Events innerhalb moderner Highland-Games-Austragungen.W\u00e4hrend beim Kugelsto\u00dfen eine Stahlkugel verwendet wird, ist beim Steinsto\u00dfen h\u00e4ufiger ein gew\u00f6hnlicher Stein oder ein kleiner Felsen anstelle einer Stahlkugel das zu werfende Gewicht. Bei dieser Disziplin wird mit einem Gewicht von 7,5 bis 10 Kilogramm entweder aus dem Stand, mit Anlauf, oder [&hellip;]<\/p>\n","protected":false},"author":1,"featured_media":0,"parent":0,"menu_order":0,"comment_status":"closed","ping_status":"closed","template":"","meta":{"footnotes":""},"class_list":["post-750","page","type-page","status-publish","hentry"],"_links":{"self":[{"href":"https:\/\/keilatex.de\/highlandgames\/wp-json\/wp\/v2\/pages\/750","targetHints":{"allow":["GET"]}}],"collection":[{"href":"https:\/\/keilatex.de\/highlandgames\/wp-json\/wp\/v2\/pages"}],"about":[{"href":"https:\/\/keilatex.de\/highlandgames\/wp-json\/wp\/v2\/types\/page"}],"author":[{"embeddable":true,"href":"https:\/\/keilatex.de\/highlandgames\/wp-json\/wp\/v2\/users\/1"}],"replies":[{"embeddable":true,"href":"https:\/\/keilatex.de\/highlandgames\/wp-json\/wp\/v2\/comments?post=750"}],"version-history":[{"count":3,"href":"https:\/\/keilatex.de\/highlandgames\/wp-json\/wp\/v2\/pages\/750\/revisions"}],"predecessor-version":[{"id":779,"href":"https:\/\/keilatex.de\/highlandgames\/wp-json\/wp\/v2\/pages\/750\/revisions\/779"}],"wp:attachment":[{"href":"https:\/\/keilatex.de\/highlandgames\/wp-json\/wp\/v2\/media?parent=750"}],"curies":[{"name":"wp","href":"https:\/\/api.w.org\/{rel}","templated":true}]}}