{"id":745,"date":"2023-09-16T14:42:32","date_gmt":"2023-09-16T12:42:32","guid":{"rendered":"https:\/\/keilatex.de\/highlandgames\/?page_id=745"},"modified":"2024-05-02T18:25:14","modified_gmt":"2024-05-02T16:25:14","slug":"stone-of-manhood","status":"publish","type":"page","link":"https:\/\/keilatex.de\/highlandgames\/stone-of-manhood\/","title":{"rendered":"Stone of Manhood"},"content":{"rendered":"\n<figure class=\"wp-block-table is-style-stripes\"><table><tbody><tr><td>Beim auf Deutsch \u00fcbersetzen \u201eStein der M\u00e4nnlichkeit\u201c ist vor allem die Kraft gefragt, es bedarf aber auch etwas an Geschicklichkeit.<br><br>Immerhin gilt es einen gro\u00dfen Stein oder eine gro\u00dfe Kugel erst einmal vom Boden aus alleine hochzuheben. Danach muss das entsprechende Gewicht \u00fcber ca. 5 Meter getragen und auf ein ca. 1,2 Meter hohes Podest abgelegt werden.<br><br>W\u00e4hrend bei den Frauen meist 40 bis 60 Kilo getragen werden, bei den M\u00e4nnern sind es zwischen 60 und 85 Kilogramm.<\/td><td><\/td><\/tr><\/tbody><\/table><\/figure>\n\n\n\n<p><\/p>\n","protected":false},"excerpt":{"rendered":"<p>Beim auf Deutsch \u00fcbersetzen \u201eStein der M\u00e4nnlichkeit\u201c ist vor allem die Kraft gefragt, es bedarf aber auch etwas an Geschicklichkeit. Immerhin gilt es einen gro\u00dfen Stein oder eine gro\u00dfe Kugel erst einmal vom Boden aus alleine hochzuheben. Danach muss das entsprechende Gewicht \u00fcber ca. 5 Meter getragen und auf ein ca. 1,2 Meter hohes Podest [&hellip;]<\/p>\n","protected":false},"author":1,"featured_media":0,"parent":0,"menu_order":0,"comment_status":"closed","ping_status":"closed","template":"","meta":{"footnotes":""},"class_list":["post-745","page","type-page","status-publish","hentry"],"_links":{"self":[{"href":"https:\/\/keilatex.de\/highlandgames\/wp-json\/wp\/v2\/pages\/745","targetHints":{"allow":["GET"]}}],"collection":[{"href":"https:\/\/keilatex.de\/highlandgames\/wp-json\/wp\/v2\/pages"}],"about":[{"href":"https:\/\/keilatex.de\/highlandgames\/wp-json\/wp\/v2\/types\/page"}],"author":[{"embeddable":true,"href":"https:\/\/keilatex.de\/highlandgames\/wp-json\/wp\/v2\/users\/1"}],"replies":[{"embeddable":true,"href":"https:\/\/keilatex.de\/highlandgames\/wp-json\/wp\/v2\/comments?post=745"}],"version-history":[{"count":3,"href":"https:\/\/keilatex.de\/highlandgames\/wp-json\/wp\/v2\/pages\/745\/revisions"}],"predecessor-version":[{"id":1028,"href":"https:\/\/keilatex.de\/highlandgames\/wp-json\/wp\/v2\/pages\/745\/revisions\/1028"}],"wp:attachment":[{"href":"https:\/\/keilatex.de\/highlandgames\/wp-json\/wp\/v2\/media?parent=745"}],"curies":[{"name":"wp","href":"https:\/\/api.w.org\/{rel}","templated":true}]}}